+ 12. Suppose 924 = 32*l - 2980. Let n = 128 - l. What is the highest common divisor of n and v?
2
Let q(y) = 3*y + 31. Suppose 0 = 6*i - 20*i - 98. Let o be q(i). Suppose 4*b - o = 54. Calculate the greatest common divisor of 16 and b.
16
Let h be -1 + 2 + -2 + -74. Let b = 152 + h. What is the highest common factor of b and 21?
7
Let d(m) = 17*m**2 - 8*m + 11. Let i be d(6). Suppose 2*s + 2*s + 716 = 0. Let z = s + i. What is the highest common factor of 44 and z?
44
Suppose -1042 = -2*a - a + m, -m - 1 = 0. Suppose -t = 2*r - a, -2*t + 653 = 5*r - 217. Calculate the highest common factor of 220 and r.
44
Suppose -326 = 2*l - 4*l - 4*x, 4*l - 5*x - 704 = 0. Let r be 2/(0 - (-6)/81). What is the highest common divisor of r and l?
9
Let r(f) be the first derivative of 3*f**2 + 6*f + 67. Let u be r(4). Let h(p) = -6*p - 2. Let y be h(-7). What is the highest common factor of y and u?
10
Let s = 12 - -43. Suppose 4*v = -0*v + 2*k + 488, v - 4*k - 136 = 0. Suppose v = 4*a + 32. Calculate the highest common divisor of s and a.
11
Let s(v) be the first derivative of v**2/2 + 17*v - 9. Let j(b) = -1. Let g(u) = 2*j(u) + s(u). Let k be g(7). What is the greatest common divisor of k and 11?
11
Let a be (-12)/(-9) + 1*332/3. Let r be 10/(-30) - (-80)/(-3). Let u = r - -43. Calculate the highest common divisor of u and a.
16
Let q = 8659 - 8617. What is the highest common divisor of q and 7581?
21
Let a be (-6)/(-1)*1/(-3). Suppose -1351 + 259 = 28*f. Let p = a - f. What is the highest common factor of 222 and p?
37
Let h = -3690 + 4196. What is the highest common divisor of 1242 and h?
46
Let t be 96/5 - 8/(-10). What is the greatest common divisor of t and 6980?
20
Let h = -1146 - -1850. Suppose 0 = 2*v - 16, 42*j + 5*v - 216 = 38*j. What is the greatest common factor of j and h?
44
Let f be (1 - (-7)/(-35))/((-4)/530). Let o = f + 262. Calculate the highest common factor of o and 12.
12
Suppose 32*l - 223*l = -189090. What is the greatest common factor of l and 207?
9
Let t = -202 + 206. Suppose -3*b + 498 = -5*p, t*b = -p + 642 - 1. What is the greatest common factor of 7 and b?
7
Let r(d) = d**3 - 15*d**2 + 13*d + 4. Let u be r(14). Let m(w) = 2*w + 35. Let l be m(u). Calculate the highest common divisor of l and 75.
15
Let g = 152 - 147. Let l(a) = a**3 - 7*a**2 + 16*a + 2. Let f be l(g). What is the highest common factor of f and 1?
1
Suppose 2*a = 3*n + 86, 2*a + 8*n - 86 = 5*n. Calculate the greatest common factor of 989 and a.
43
Let z(b) = 288*b**3 + 5*b**2 - 26. Let k be z(5). What is the greatest common divisor of k and 191?
191
Let q = 288 - 285. Suppose -h = 24*m - 21*m - 207, -2*m = q*h - 131. Let x = 87 + -52. What is the highest common divisor of m and x?
35
Suppose -19*r = -18*r - 8. Suppose 9*x - 119 = r*x. What is the highest common factor of x and 7?
7
Let s(y) = 2*y**3 - 12*y**2 - y - 11. Let f be s(7). Suppose -451 + 1201 = 15*n. Calculate the highest common factor of f and n.
10
Let g = 168 + 84. Let n(y) = y**2 + 20*y + 20. Let u be n(-14). Let w = -36 - u. Calculate the highest common divisor of g and w.
28
Suppose -5*m - 5*g = -320, -3*g + 5*g + 262 = 4*m. Suppose 275*w - 52*w + 667 - 29657 = 0. Calculate the greatest common divisor of w and m.
65
Let u = 2627 + -2074. What is the highest common factor of 21 and u?
7
Let w(j) = -j**2 - 9*j - 16. Let z be w(-5). Suppose -5*p - 40 = -n, -2*p - z = -n - 6*p. Let k = 166 - 86. What is the greatest common factor of n and k?
20
Suppose -41846 = -24*j - 5942. Calculate the highest common factor of j and 616.
88
Let l(q) = -1 - 9 - 8*q + 4 + 3*q**2 - 1 - 3. Let s be l(6). What is the greatest common factor of s and 700?
50
Let f = 6 - -25. Suppose -4*a + 70 = 2*n - 2*a, -n - 2*a = -f. Suppose 0 = 2*w - 4*w + 52. Calculate the highest common factor of n and w.
13
Let t(v) = 225*v - 33. Let c(x) = -4*x - 19. Let f be c(-6). Let h be t(f). Calculate the greatest common factor of h and 84.
84
Suppose 12*i + 2*o + 408 = 17*i, 2*o - 312 = -4*i. Calculate the highest common divisor of 272 and i.
16
Let x(f) = -f**2 + 134*f - 1284. Let p be x(86). Calculate the highest common factor of 2212 and p.
316
Let l = 471 - 307. Suppose 23*x - l + 26 = 0. Calculate the greatest common divisor of 186 and x.
6
Let z be ((-143)/(-22)*-42)/(-7 - -6). Calculate the greatest common divisor of 1911 and z.
273
Let u(d) = 9*d**2 - 23*d - 171. Let h be u(-18). What is the highest common factor of 189 and h?
27
Let a = 2715 + 928. Suppose 6*j - 1577 = a. Calculate the greatest common divisor of 58 and j.
58
Let u = -201 - -205. Suppose u*a - 169 = 3*c, 0*c + 123 = 3*a - c. Calculate the highest common factor of 24 and a.
8
Let j(k) = 22*k**2 + 25*k + 289. Let p be j(-17). Calculate the highest common divisor of 102 and p.
102
Let i = 4016 + -3184. Calculate the greatest common factor of i and 104.
104
Suppose 954*t - 894*t - 93000 = 0. What is the highest common factor of t and 175?
25
Let v = -151973 - -152012. Let c be (-1)/(-2 - (-15)/9). What is the highest common divisor of c and v?
3
Let f be ((-81120)/910)/((-2)/7). What is the highest common divisor of 768 and f?
24
Let f = -2157 - -2195. Let x(l) = 4*l**3 + l**2 - 5*l + 4. Let y be x(6). Calculate the greatest common factor of f and y.
38
Suppose 40 = 3*u - 2*u. Let f(i) = -19*i - 30. Let j be f(-4). Let o = j + -30. Calculate the greatest common factor of u and o.
8
Suppose -125 + 13 = -p. Let w be (-11 + 8)*p/(-6). Let c be ((-126)/49)/((-6)/w). Calculate the highest common divisor of 72 and c.
24
Suppose -32*i + 2 = -30*i. What is the greatest common divisor of i and 457?
1
Let o(q) = -2*q**3 - 7*q**2 - 14*q + 33. Let v be o(-4). What is the highest common factor of 165 and v?
15
Suppose 22*q - 6*q = -7*q + 12006. Calculate the greatest common divisor of q and 36.
18
Suppose 6*p + 27 - 57 = 0. Let l(d) = -d**2 - 8*d. Suppose -4*c = -6*c - 6. Let v be l(c). What is the highest common factor of v and p?
5
Suppose -788 = -d - 138. Suppose -34*s + 21*s = -d. Calculate the highest common factor of s and 375.
25
Suppose -27 = -j + 3*k, -5*j + 52 - 2 = 2*k. What is the highest common factor of j and 20?
4
Let j = -4018 - -4101. Calculate the highest common factor of j and 913.
83
Let i = -20034 + 20052. What is the highest common factor of 198 and i?
18
Suppose -6*s + 219 - 1995 = 0. Let p be s/(-16) + (-15)/10. What is the greatest common divisor of p and 748?
17
Let a(s) = 157*s - 462. Let x be a(3). What is the highest common divisor of x and 1773?
9
Suppose 2*w = -w + 3. Let h = w - -2. Suppose 0 = 19*g + 15*g - 37*g - 3*l, 9 = -3*l. Calculate the greatest common divisor of g and h.
3
Suppose -4*x = 0, -4*n + 16*x + 1840 = -9*x + 26*x. Calculate the highest common factor of 2254 and n.
46
Let z = 4904 + -4268. Calculate the highest common factor of 36 and z.
12
Suppose 4*r = -3*u + 72, -45 = -2*r - u - 11. Let n be 7 - (-1)/2*6. What is the greatest common factor of n and r?
5
Let s = -11743 + 12053. Calculate the greatest common factor of s and 7595.
155
Let x = 549 - -265. Suppose 3*w + 491 = 2*s, -w - 4*w - s = x. Let j = 243 + w. What is the greatest common factor of j and 16?
16
Let q = -135 - 148. Let n = q + 481. Suppose 0 = -l + 5*w + 18, 0 = -83*l + 88*l + 5*w - 90. What is the greatest common factor of l and n?
18
Let l(b) = -51*b + 104. Let i be l(2). Let j be 6 - (-192 - i)/1. What is the greatest common factor of j and 16?
8
Let w be (-65)/10 - (-1218)/12. Let y = -5 + 10. Calculate the highest common divisor of w and y.
5
Let k = 3222 + -3201. What is the highest common divisor of k and 742?
7
Suppose 5*k - 284 = -3*n, k + n = 22 + 36. Calculate the highest common divisor of k and 2255.
55
Let k = 2374 + -2314. What is the greatest common factor of k and 1570?
10
Suppose 0*t = -4*t + 5*l + 49, 0 = -3*t + 4*l + 38. Let d = 639 + -558. Let k = -75 + d. What is the highest common divisor of k and t?
6
Suppose c + 19*c - 4080 = 12*c. What is the highest common factor of c and 288?
6
Let k(n) = 150*n + 1. Let q(l) = 49*l. Let d(p) = 2*k(p) - 7*q(p). Let a be d(-2). Calculate the highest common factor of a and 32.
8
Let n be ((-19467)/(-7) - -13) + -1 + 0. What is the greatest common divisor of n and 38?
19
Let n(s) = 4*s**3 - s. Let z be 